{"id":43,"date":"2025-06-11T10:16:36","date_gmt":"2025-06-11T08:16:36","guid":{"rendered":"https:\/\/sae202.mmi24f12.mmi-troyes.fr\/agence\/?page_id=43"},"modified":"2025-06-24T15:07:32","modified_gmt":"2025-06-24T13:07:32","slug":"rahman-turkmen","status":"publish","type":"page","link":"https:\/\/sae202.mmi24f12.mmi-troyes.fr\/agence\/membres\/rahman-turkmen\/","title":{"rendered":"Rahman Turkmen"},"content":{"rendered":"\n<figure class=\"wp-block-image size-full is-resized animated fadeInTopRight is-style-rounded\" id=\"wp-block-themeisle-blocks-image-40551551\"><img fetchpriority=\"high\" decoding=\"async\" width=\"2300\" height=\"2300\" src=\"https:\/\/sae202.mmi24f12.mmi-troyes.fr\/agence\/wp-content\/uploads\/2025\/06\/IMG_20250204_083048.jpg\" alt=\"\" class=\"wp-image-78\" style=\"object-fit:cover;width:248px;height:auto\" srcset=\"https:\/\/sae202.mmi24f12.mmi-troyes.fr\/agence\/wp-content\/uploads\/2025\/06\/IMG_20250204_083048.jpg 2300w, https:\/\/sae202.mmi24f12.mmi-troyes.fr\/agence\/wp-content\/uploads\/2025\/06\/IMG_20250204_083048-300x300.jpg 300w, https:\/\/sae202.mmi24f12.mmi-troyes.fr\/agence\/wp-content\/uploads\/2025\/06\/IMG_20250204_083048-1024x1024.jpg 1024w, https:\/\/sae202.mmi24f12.mmi-troyes.fr\/agence\/wp-content\/uploads\/2025\/06\/IMG_20250204_083048-150x150.jpg 150w, https:\/\/sae202.mmi24f12.mmi-troyes.fr\/agence\/wp-content\/uploads\/2025\/06\/IMG_20250204_083048-768x768.jpg 768w, https:\/\/sae202.mmi24f12.mmi-troyes.fr\/agence\/wp-content\/uploads\/2025\/06\/IMG_20250204_083048-1536x1536.jpg 1536w, https:\/\/sae202.mmi24f12.mmi-troyes.fr\/agence\/wp-content\/uploads\/2025\/06\/IMG_20250204_083048-2048x2048.jpg 2048w\" sizes=\"(max-width: 2300px) 100vw, 2300px\" \/><\/figure>\n\n\n\n<h3 class=\"wp-block-heading animated fadeInUp\">Pr\u00e9sentation<\/h3>\n\n\n\n<p class=\"animated fadeInUp\">Je m&rsquo;appelle Rahman, au sein de Troy\u2019Events, je suis <strong>d\u00e9veloppeur full-stack<\/strong> du site \u00e9v\u00e9nementiel <strong>(sans CMS)<\/strong> ainsi que du site vitrine <strong>sous WordPress<\/strong>. J\u2019ai pris en charge toute la partie technique, de l\u2019architecture \u00e0 l\u2019int\u00e9gration, en passant par l\u2019optimisation \u00e9co-con\u00e7ue du code.<\/p>\n\n\n\n<p class=\"animated fadeInUp\"> <strong>Front-end :<\/strong> cr\u00e9ation d\u2019une interface immersive et responsive fid\u00e8le \u00e0 notre charte graphique horreur.<br> <strong>Back-end :<\/strong> configuration serveur (VPS), base de donn\u00e9es, et s\u00e9curit\u00e9.<br> <strong>WordPress :<\/strong> personnalisation du th\u00e8me, gestion des plugins, cr\u00e9ation de contenus dynamiques.<\/p>\n\n\n\n<p class=\"animated fadeInUp\">Mais au-del\u00e0 du code, j\u2019ai aussi particip\u00e9 \u00e0 <strong>la strat\u00e9gie de communication digitale<\/strong>, notamment en collaborant \u00e0 :<\/p>\n\n\n\n<p class=\"animated fadeInUp\">Le <strong>planning \u00e9ditorial<\/strong> sur les r\u00e9seaux sociaux (Instagram, Facebook).<\/p>\n\n\n\n<p class=\"animated fadeInUp\">La <strong>promotion vid\u00e9o<\/strong> : sc\u00e9narisation et rep\u00e9rage des lieux.<\/p>\n\n\n\n<p class=\"animated fadeInUp\">Le <strong>benchmark UX\/UI<\/strong> pour positionner notre exp\u00e9rience comme unique dans le paysage des Murder Parties.<\/p>\n\n\n\n<hr class=\"wp-block-separator has-alpha-channel-opacity\"\/>\n\n\n\n<h3 class=\"wp-block-heading\"><o-anim-typing>Semaine apr\u00e8s semaine<\/o-anim-typing><\/h3>\n\n\n\n<figure class=\"wp-block-table animated fadeInUp\"><table class=\"has-fixed-layout\"><thead><tr><th>Semaine<\/th><th>Missions r\u00e9alis\u00e9es<\/th><\/tr><\/thead><tbody><tr><td><strong>1<\/strong><\/td><td>&#8211; Pr\u00e9sent \u00e0 chaque \u00e9tape du projet, du brainstorming aux derni\u00e8res lignes de code.<br>&#8211; Cr\u00e9ation d&rsquo;un logo et d\u00e9finition de l\u2019identit\u00e9 visuelle : du pixel au message, tout y est pass\u00e9.<br>&#8211; Main dans la com\u2019 : j\u2019ai boss\u00e9 sur la strat\u00e9gie marketing avec l\u2019\u00e9quipe pour que \u00e7a claque.<br>&#8211; Mise en place des environnements web, int\u00e9gration compl\u00e8te du contenu sur <br>&#8211; WordPress <strong>et<\/strong> sur un site full custom.<br>Conception et gestion de la base de donn\u00e9es pour un syst\u00e8me solide et bien pens\u00e9.<\/td><\/tr><tr><td><strong>2<\/strong><\/td><td>&#8211; D\u00e9veloppement back-end\u202f: d\u00e9tails des modules : <br><br><strong>Billetterie en ligne<\/strong>\u202f: syst\u00e8me de r\u00e9servation avec choix de la date, de l\u2019heure et de la quantit\u00e9 de billets. Apr\u00e8s s\u00e9lection, l\u2019utilisateur est redirig\u00e9 vers le panier pour finaliser son achat.<br><strong>Paiement <\/strong>: int\u00e9gration du paiement par carte bancaire et Pass Culture, garantissant une exp\u00e9rience d\u2019achat fluide et adapt\u00e9e aux besoins des utilisateurs<br><br><strong>Messagerie interne<\/strong>\u202f: module de discussion permettant aux utilisateurs de communiquer directement avec l\u2019administrateur, pour une gestion efficace des \u00e9changes<br><br><strong>Commentaires et avis<\/strong>\u202f: page d\u00e9di\u00e9e pour laisser un retour sur l\u2019\u00e9v\u00e9nement, incluant un syst\u00e8me d\u2019\u00e9toiles pour \u00e9valuer l\u2019exp\u00e9rience et un espace pour r\u00e9diger un commentaire personnalis\u00e9<\/td><\/tr><tr><td><strong>3<\/strong><\/td><td>&#8211; Cam\u00e9raman pour la vid\u00e9o promotionnelle. <br>&#8211; D\u00e9veloppement back-end (100% fonctionnel) <br>&#8211; assistance aux taches diverses<br><\/td><\/tr><\/tbody><\/table><\/figure>\n\n\n\n<p><\/p>\n\n\n\n<h5 class=\"wp-block-heading animated fadeInUp\">J\u2019ai voulu apporter une <strong>exp\u00e9rience technique solide<\/strong>, mais aussi une <strong>approche humaine et narrative<\/strong> : cr\u00e9er des sites qui ne sont pas juste fonctionnels, mais qui <strong>racontent une histoire<\/strong>, comme nos Murder Parties.<\/h5>\n\n\n\n<hr class=\"wp-block-separator has-alpha-channel-opacity\"\/>\n\n\n\n<h3 class=\"wp-block-heading\"> Stack utilis\u00e9e<\/h3>\n\n\n\n<ul class=\"wp-block-list\">\n<li>HTML, CSS, JS<\/li>\n\n\n\n<li>PHP, MySQL<\/li>\n\n\n\n<li>WordPress (custom theme : YUKI)<\/li>\n\n\n\n<li>Figma, Canva, <\/li>\n\n\n\n<li>Apache, Linux, VPS<\/li>\n<\/ul>\n\n\n\n<p><\/p>\n","protected":false},"excerpt":{"rendered":"<p>Pr\u00e9sentation Je m&rsquo;appelle Rahman, au sein de Troy\u2019Events, je suis d\u00e9veloppeur full-stack du site \u00e9v\u00e9nementiel (sans CMS) ainsi que du site vitrine sous WordPress. J\u2019ai pris en charge toute la partie technique, de l\u2019architecture \u00e0 l\u2019int\u00e9gration, en passant par l\u2019optimisation \u00e9co-con\u00e7ue du code. Front-end : cr\u00e9ation d\u2019une interface immersive et responsive fid\u00e8le \u00e0 notre charte [&hellip;]<\/p>\n","protected":false},"author":1,"featured_media":0,"parent":24,"menu_order":2,"comment_status":"closed","ping_status":"closed","template":"","meta":{"_lmt_disableupdate":"","_lmt_disable":"","_themeisle_gutenberg_block_has_review":false,"_mc_calendar":[],"footnotes":""},"class_list":["post-43","page","type-page","status-publish","hentry"],"_links":{"self":[{"href":"https:\/\/sae202.mmi24f12.mmi-troyes.fr\/agence\/wp-json\/wp\/v2\/pages\/43","targetHints":{"allow":["GET"]}}],"collection":[{"href":"https:\/\/sae202.mmi24f12.mmi-troyes.fr\/agence\/wp-json\/wp\/v2\/pages"}],"about":[{"href":"https:\/\/sae202.mmi24f12.mmi-troyes.fr\/agence\/wp-json\/wp\/v2\/types\/page"}],"author":[{"embeddable":true,"href":"https:\/\/sae202.mmi24f12.mmi-troyes.fr\/agence\/wp-json\/wp\/v2\/users\/1"}],"replies":[{"embeddable":true,"href":"https:\/\/sae202.mmi24f12.mmi-troyes.fr\/agence\/wp-json\/wp\/v2\/comments?post=43"}],"version-history":[{"count":22,"href":"https:\/\/sae202.mmi24f12.mmi-troyes.fr\/agence\/wp-json\/wp\/v2\/pages\/43\/revisions"}],"predecessor-version":[{"id":371,"href":"https:\/\/sae202.mmi24f12.mmi-troyes.fr\/agence\/wp-json\/wp\/v2\/pages\/43\/revisions\/371"}],"up":[{"embeddable":true,"href":"https:\/\/sae202.mmi24f12.mmi-troyes.fr\/agence\/wp-json\/wp\/v2\/pages\/24"}],"wp:attachment":[{"href":"https:\/\/sae202.mmi24f12.mmi-troyes.fr\/agence\/wp-json\/wp\/v2\/media?parent=43"}],"curies":[{"name":"wp","href":"https:\/\/api.w.org\/{rel}","templated":true}]}}